{"id":335,"date":"2024-08-02T04:52:21","date_gmt":"2024-08-02T04:52:21","guid":{"rendered":"https:\/\/auribalance.org\/?page_id=335"},"modified":"2024-08-03T23:12:55","modified_gmt":"2024-08-03T23:12:55","slug":"preguntas-frecuentes","status":"publish","type":"page","link":"https:\/\/auribalance.org\/index.php\/preguntas-frecuentes\/","title":{"rendered":"Preguntas Frecuentes"},"content":{"rendered":"<p>[et_pb_section fb_built=\u00bb1&#8243; _builder_version=\u00bb4.26.1&#8243; _module_preset=\u00bbdefault\u00bb background_image=\u00bbhttps:\/\/auribalance.org\/wp-content\/uploads\/2024\/08\/Background-barra-equipodetrabajo-3-min.png\u00bb custom_margin=\u00bb100px||||false|false\u00bb custom_margin_tablet=\u00bb65px||||false|false\u00bb custom_margin_phone=\u00bb65px||||false|false\u00bb custom_margin_last_edited=\u00bbon|phone\u00bb global_colors_info=\u00bb{}\u00bb][et_pb_row _builder_version=\u00bb4.26.1&#8243; _module_preset=\u00bbdefault\u00bb global_colors_info=\u00bb{}\u00bb][et_pb_column type=\u00bb4_4&#8243; _builder_version=\u00bb4.26.1&#8243; _module_preset=\u00bbdefault\u00bb global_colors_info=\u00bb{}\u00bb][et_pb_text _builder_version=\u00bb4.26.1&#8243; _module_preset=\u00bbdefault\u00bb header_font=\u00bbADega Serif||||||||\u00bb header_text_align=\u00bbcenter\u00bb header_font_size=\u00bb100px\u00bb header_letter_spacing=\u00bb-5px\u00bb custom_padding=\u00bb45px||46px|||\u00bb hover_enabled=\u00bb0&#8243; header_font_size_tablet=\u00bb70px\u00bb header_font_size_phone=\u00bb60px\u00bb header_font_size_last_edited=\u00bbon|phone\u00bb global_colors_info=\u00bb{}\u00bb sticky_enabled=\u00bb0&#8243;]<\/p>\n<h1 style=\"background: -webkit-linear-gradient(-90deg, #9a6623 0%, #cab56d 35%, #56370f 100%) text; -webkit-text-fill-color: transparent;\">Preguntas Frecuentes<\/h1>\n<p>[\/et_pb_text][\/et_pb_column][\/et_pb_row][\/et_pb_section][et_pb_section fb_built=\u00bb1&#8243; _builder_version=\u00bb4.26.1&#8243; _module_preset=\u00bbdefault\u00bb top_divider_style=\u00bbarrow3&#8243; top_divider_color=\u00bbrgba(224,208,206,0.73)\u00bb top_divider_height=\u00bb24px\u00bb global_colors_info=\u00bb{}\u00bb][et_pb_row _builder_version=\u00bb4.26.1&#8243; _module_preset=\u00bbdefault\u00bb global_colors_info=\u00bb{}\u00bb][et_pb_column type=\u00bb4_4&#8243; _builder_version=\u00bb4.26.1&#8243; _module_preset=\u00bbdefault\u00bb global_colors_info=\u00bb{}\u00bb][et_pb_accordion _builder_version=\u00bb4.26.1&#8243; _module_preset=\u00bbdefault\u00bb animation_style=\u00bbbounce\u00bb animation_direction=\u00bbright\u00bb global_colors_info=\u00bb{}\u00bb][et_pb_accordion_item title=\u00bb \u00bfQu\u00e9 es la p\u00e9rdida auditiva?\u00bb open=\u00bbon\u00bb _builder_version=\u00bb4.26.1&#8243; _module_preset=\u00bbdefault\u00bb body_font=\u00bbAlmarai||||||||\u00bb body_font_size=\u00bb16px\u00bb text_orientation=\u00bbleft\u00bb body_font_size_tablet=\u00bb16px\u00bb body_font_size_phone=\u00bb16px\u00bb body_font_size_last_edited=\u00bbon|desktop\u00bb global_colors_info=\u00bb{}\u00bb toggle_font=\u00bbAlmarai|||on|||||\u00bb closed_toggle_font=\u00bbAlmarai||||||||\u00bb]<\/p>\n<p><span>La p\u00e9rdida auditiva se refiere a la disminuci\u00f3n en la capacidad de percibir sonidos con claridad. Puede variar desde leve hasta profunda y puede afectar a uno o ambos o\u00eddos.<\/span><\/p>\n<p>[\/et_pb_accordion_item][et_pb_accordion_item title=\u00bb \u00bfCu\u00e1les son las causas comunes de la p\u00e9rdida auditiva?\u00bb _builder_version=\u00bb4.26.1&#8243; _module_preset=\u00bbdefault\u00bb body_font=\u00bbAlmarai||||||||\u00bb body_font_size=\u00bb16px\u00bb text_orientation=\u00bbleft\u00bb body_font_size_tablet=\u00bb16px\u00bb body_font_size_phone=\u00bb16px\u00bb body_font_size_last_edited=\u00bbon|desktop\u00bb global_colors_info=\u00bb{}\u00bb toggle_font=\u00bbAlmarai|||on|||||\u00bb closed_toggle_font=\u00bbAlmarai||||||||\u00bb open=\u00bboff\u00bb]<\/p>\n<p><span>Las causas comunes incluyen el envejecimiento (presbiacusia), exposici\u00f3n prolongada a ruidos fuertes, enfermedades gen\u00e9ticas, infecciones del o\u00eddo, traumatismos craneales y ciertos medicamentos.<\/span><\/p>\n<p>[\/et_pb_accordion_item][et_pb_accordion_item title=\u00bb\u00bfC\u00f3mo puedo saber si tengo p\u00e9rdida auditiva?\u00bb _builder_version=\u00bb4.26.1&#8243; _module_preset=\u00bbdefault\u00bb body_font=\u00bbAlmarai||||||||\u00bb body_font_size=\u00bb16px\u00bb text_orientation=\u00bbleft\u00bb body_font_size_tablet=\u00bb16px\u00bb body_font_size_phone=\u00bb16px\u00bb body_font_size_last_edited=\u00bbon|desktop\u00bb global_colors_info=\u00bb{}\u00bb toggle_font=\u00bbAlmarai|||on|||||\u00bb closed_toggle_font=\u00bbAlmarai||||||||\u00bb open=\u00bboff\u00bb]<\/p>\n<p>Algunos signos incluyen dificultad para entender conversaciones, necesidad de aumentar el volumen del televisor o la radio, dificultad para escuchar en entornos ruidosos y zumbidos en los o\u00eddos (tinnitus).<\/p>\n<p>[\/et_pb_accordion_item][et_pb_accordion_item title=\u00bb\u00bfQu\u00e9 debo hacer si creo que tengo p\u00e9rdida auditiva?\u00bb _builder_version=\u00bb4.26.1&#8243; _module_preset=\u00bbdefault\u00bb body_font=\u00bbAlmarai||||||||\u00bb body_font_size=\u00bb16px\u00bb text_orientation=\u00bbleft\u00bb body_font_size_tablet=\u00bb16px\u00bb body_font_size_phone=\u00bb16px\u00bb body_font_size_last_edited=\u00bbon|desktop\u00bb global_colors_info=\u00bb{}\u00bb toggle_font=\u00bbAlmarai|||on|||||\u00bb closed_toggle_font=\u00bbAlmarai||||||||\u00bb open=\u00bboff\u00bb]<\/p>\n<p><span>Es importante consultar a un profesional de la salud auditiva, como un audi\u00f3logo, para realizar pruebas auditivas. Estas pruebas determinar\u00e1n el tipo y grado de p\u00e9rdida auditiva y guiar\u00e1n el tratamiento adecuado.<\/span><\/p>\n<p>[\/et_pb_accordion_item][et_pb_accordion_item title=\u00bb\u00bfExisten tratamientos para la p\u00e9rdida auditiva?\u00bb _builder_version=\u00bb4.26.1&#8243; _module_preset=\u00bbdefault\u00bb body_font=\u00bbAlmarai||||||||\u00bb body_font_size=\u00bb16px\u00bb text_orientation=\u00bbleft\u00bb body_font_size_tablet=\u00bb16px\u00bb body_font_size_phone=\u00bb16px\u00bb body_font_size_last_edited=\u00bbon|desktop\u00bb global_colors_info=\u00bb{}\u00bb toggle_font=\u00bbAlmarai|||on|||||\u00bb closed_toggle_font=\u00bbAlmarai||||||||\u00bb open=\u00bboff\u00bb]<\/p>\n<p><span>S\u00ed, dependiendo del tipo y grado de p\u00e9rdida auditiva, los tratamientos pueden incluir el uso de aud\u00edfonos, implantes cocleares, medicamentos (en algunos casos espec\u00edficos) o terapia de rehabilitaci\u00f3n auditiva.<\/span><\/p>\n<p>[\/et_pb_accordion_item][et_pb_accordion_item title=\u00bb\u00bfLos aud\u00edfonos son efectivos para todos los tipos de p\u00e9rdida auditiva?\u00bb _builder_version=\u00bb4.26.1&#8243; _module_preset=\u00bbdefault\u00bb body_font=\u00bbAlmarai||||||||\u00bb body_font_size=\u00bb16px\u00bb text_orientation=\u00bbleft\u00bb body_font_size_tablet=\u00bb16px\u00bb body_font_size_phone=\u00bb16px\u00bb body_font_size_last_edited=\u00bbon|desktop\u00bb global_colors_info=\u00bb{}\u00bb toggle_font=\u00bbAlmarai|||on|||||\u00bb closed_toggle_font=\u00bbAlmarai||||||||\u00bb open=\u00bboff\u00bb]<\/p>\n<p><span>Los aud\u00edfonos son efectivos para la mayor\u00eda de los tipos de p\u00e9rdida auditiva, especialmente cuando se adaptan y ajustan adecuadamente por un profesional de la audici\u00f3n. Sin embargo, para algunas personas con p\u00e9rdida auditiva severa a profunda, un implante coclear puede ser una mejor opci\u00f3n.<\/span><\/p>\n<p>[\/et_pb_accordion_item][et_pb_accordion_item title=\u00bb\u00bfQu\u00e9 puedo hacer para prevenir la p\u00e9rdida auditiva?\u00bb _builder_version=\u00bb4.26.1&#8243; _module_preset=\u00bbdefault\u00bb body_font=\u00bbAlmarai||||||||\u00bb body_font_size=\u00bb16px\u00bb text_orientation=\u00bbleft\u00bb body_font_size_tablet=\u00bb16px\u00bb body_font_size_phone=\u00bb16px\u00bb body_font_size_last_edited=\u00bbon|desktop\u00bb global_colors_info=\u00bb{}\u00bb toggle_font=\u00bbAlmarai|||on|||||\u00bb closed_toggle_font=\u00bbAlmarai||||||||\u00bb open=\u00bboff\u00bb]<\/p>\n<p><span>Evitar la exposici\u00f3n prolongada a ruidos fuertes, usar protectores auditivos en entornos ruidosos, mantener una buena salud general y realizar chequeos auditivos regulares pueden ayudar a prevenir o minimizar la p\u00e9rdida auditiva.<\/span><\/p>\n<p>[\/et_pb_accordion_item][\/et_pb_accordion][\/et_pb_column][\/et_pb_row][\/et_pb_section]<\/p>\n","protected":false},"excerpt":{"rendered":"<p>Preguntas FrecuentesLa p\u00e9rdida auditiva se refiere a la disminuci\u00f3n en la capacidad de percibir sonidos con claridad. Puede variar desde leve hasta profunda y puede afectar a uno o ambos o\u00eddos.Las causas comunes incluyen el envejecimiento (presbiacusia), exposici\u00f3n prolongada a ruidos fuertes, enfermedades gen\u00e9ticas, infecciones del o\u00eddo, traumatismos craneales y ciertos medicamentos.Algunos signos incluyen dificultad [&hellip;]<\/p>\n","protected":false},"author":2,"featured_media":0,"parent":0,"menu_order":0,"comment_status":"closed","ping_status":"closed","template":"","meta":{"_et_pb_use_builder":"on","_et_pb_old_content":"","_et_gb_content_width":"","footnotes":""},"class_list":["post-335","page","type-page","status-publish","hentry"],"yoast_head":"<!-- This site is optimized with the Yoast SEO plugin v24.1 - https:\/\/yoast.com\/wordpress\/plugins\/seo\/ -->\n<title>Preguntas Frecuentes - auriBalance<\/title>\n<meta name=\"robots\" content=\"index, follow, max-snippet:-1, max-image-preview:large, max-video-preview:-1\" \/>\n<link rel=\"canonical\" href=\"https:\/\/auribalance.org\/index.php\/preguntas-frecuentes\/\" \/>\n<meta property=\"og:locale\" content=\"es_ES\" \/>\n<meta property=\"og:type\" content=\"article\" \/>\n<meta property=\"og:title\" content=\"Preguntas Frecuentes\" \/>\n<meta property=\"og:description\" content=\"En esta secci\u00f3n podr\u00e1s despejar todas tus dudas.\" \/>\n<meta property=\"og:url\" content=\"https:\/\/auribalance.org\/index.php\/preguntas-frecuentes\/\" \/>\n<meta property=\"og:site_name\" content=\"auriBalance\" \/>\n<meta property=\"article:modified_time\" content=\"2024-08-03T23:12:55+00:00\" \/>\n<meta property=\"og:image\" content=\"https:\/\/auribalance.org\/wp-content\/uploads\/2024\/08\/cropped-auriBalance-logo-favicon.png\" \/>\n\t<meta property=\"og:image:width\" content=\"512\" \/>\n\t<meta property=\"og:image:height\" content=\"512\" \/>\n\t<meta property=\"og:image:type\" content=\"image\/png\" \/>\n<meta name=\"twitter:card\" content=\"summary_large_image\" \/>\n<meta name=\"twitter:label1\" content=\"Tiempo de lectura\" \/>\n\t<meta name=\"twitter:data1\" content=\"2 minutos\" \/>\n<script type=\"application\/ld+json\" class=\"yoast-schema-graph\">{\"@context\":\"https:\/\/schema.org\",\"@graph\":[{\"@type\":\"WebPage\",\"@id\":\"https:\/\/auribalance.org\/index.php\/preguntas-frecuentes\/\",\"url\":\"https:\/\/auribalance.org\/index.php\/preguntas-frecuentes\/\",\"name\":\"Preguntas Frecuentes - auriBalance\",\"isPartOf\":{\"@id\":\"https:\/\/auribalance.org\/#website\"},\"datePublished\":\"2024-08-02T04:52:21+00:00\",\"dateModified\":\"2024-08-03T23:12:55+00:00\",\"breadcrumb\":{\"@id\":\"https:\/\/auribalance.org\/index.php\/preguntas-frecuentes\/#breadcrumb\"},\"inLanguage\":\"es\",\"potentialAction\":[{\"@type\":\"ReadAction\",\"target\":[\"https:\/\/auribalance.org\/index.php\/preguntas-frecuentes\/\"]}]},{\"@type\":\"BreadcrumbList\",\"@id\":\"https:\/\/auribalance.org\/index.php\/preguntas-frecuentes\/#breadcrumb\",\"itemListElement\":[{\"@type\":\"ListItem\",\"position\":1,\"name\":\"Portada\",\"item\":\"https:\/\/auribalance.org\/\"},{\"@type\":\"ListItem\",\"position\":2,\"name\":\"Preguntas Frecuentes\"}]},{\"@type\":\"WebSite\",\"@id\":\"https:\/\/auribalance.org\/#website\",\"url\":\"https:\/\/auribalance.org\/\",\"name\":\"auriBalance\",\"description\":\"Cl\u00ednica Integral de Audiolog\u00eda y Otoneurolog\u00eda\",\"potentialAction\":[{\"@type\":\"SearchAction\",\"target\":{\"@type\":\"EntryPoint\",\"urlTemplate\":\"https:\/\/auribalance.org\/?s={search_term_string}\"},\"query-input\":{\"@type\":\"PropertyValueSpecification\",\"valueRequired\":true,\"valueName\":\"search_term_string\"}}],\"inLanguage\":\"es\"}]}<\/script>\n<!-- \/ Yoast SEO plugin. -->","yoast_head_json":{"title":"Preguntas Frecuentes - auriBalance","robots":{"index":"index","follow":"follow","max-snippet":"max-snippet:-1","max-image-preview":"max-image-preview:large","max-video-preview":"max-video-preview:-1"},"canonical":"https:\/\/auribalance.org\/index.php\/preguntas-frecuentes\/","og_locale":"es_ES","og_type":"article","og_title":"Preguntas Frecuentes","og_description":"En esta secci\u00f3n podr\u00e1s despejar todas tus dudas.","og_url":"https:\/\/auribalance.org\/index.php\/preguntas-frecuentes\/","og_site_name":"auriBalance","article_modified_time":"2024-08-03T23:12:55+00:00","og_image":[{"width":512,"height":512,"url":"https:\/\/auribalance.org\/wp-content\/uploads\/2024\/08\/cropped-auriBalance-logo-favicon.png","type":"image\/png"}],"twitter_card":"summary_large_image","twitter_misc":{"Tiempo de lectura":"2 minutos"},"schema":{"@context":"https:\/\/schema.org","@graph":[{"@type":"WebPage","@id":"https:\/\/auribalance.org\/index.php\/preguntas-frecuentes\/","url":"https:\/\/auribalance.org\/index.php\/preguntas-frecuentes\/","name":"Preguntas Frecuentes - auriBalance","isPartOf":{"@id":"https:\/\/auribalance.org\/#website"},"datePublished":"2024-08-02T04:52:21+00:00","dateModified":"2024-08-03T23:12:55+00:00","breadcrumb":{"@id":"https:\/\/auribalance.org\/index.php\/preguntas-frecuentes\/#breadcrumb"},"inLanguage":"es","potentialAction":[{"@type":"ReadAction","target":["https:\/\/auribalance.org\/index.php\/preguntas-frecuentes\/"]}]},{"@type":"BreadcrumbList","@id":"https:\/\/auribalance.org\/index.php\/preguntas-frecuentes\/#breadcrumb","itemListElement":[{"@type":"ListItem","position":1,"name":"Portada","item":"https:\/\/auribalance.org\/"},{"@type":"ListItem","position":2,"name":"Preguntas Frecuentes"}]},{"@type":"WebSite","@id":"https:\/\/auribalance.org\/#website","url":"https:\/\/auribalance.org\/","name":"auriBalance","description":"Cl\u00ednica Integral de Audiolog\u00eda y Otoneurolog\u00eda","potentialAction":[{"@type":"SearchAction","target":{"@type":"EntryPoint","urlTemplate":"https:\/\/auribalance.org\/?s={search_term_string}"},"query-input":{"@type":"PropertyValueSpecification","valueRequired":true,"valueName":"search_term_string"}}],"inLanguage":"es"}]}},"_links":{"self":[{"href":"https:\/\/auribalance.org\/index.php\/wp-json\/wp\/v2\/pages\/335","targetHints":{"allow":["GET"]}}],"collection":[{"href":"https:\/\/auribalance.org\/index.php\/wp-json\/wp\/v2\/pages"}],"about":[{"href":"https:\/\/auribalance.org\/index.php\/wp-json\/wp\/v2\/types\/page"}],"author":[{"embeddable":true,"href":"https:\/\/auribalance.org\/index.php\/wp-json\/wp\/v2\/users\/2"}],"replies":[{"embeddable":true,"href":"https:\/\/auribalance.org\/index.php\/wp-json\/wp\/v2\/comments?post=335"}],"version-history":[{"count":11,"href":"https:\/\/auribalance.org\/index.php\/wp-json\/wp\/v2\/pages\/335\/revisions"}],"predecessor-version":[{"id":498,"href":"https:\/\/auribalance.org\/index.php\/wp-json\/wp\/v2\/pages\/335\/revisions\/498"}],"wp:attachment":[{"href":"https:\/\/auribalance.org\/index.php\/wp-json\/wp\/v2\/media?parent=335"}],"curies":[{"name":"wp","href":"https:\/\/api.w.org\/{rel}","templated":true}]}}